{"id":99,"date":"2022-12-08T09:36:47","date_gmt":"2022-12-08T09:36:47","guid":{"rendered":"https:\/\/terresdiroise.fr\/?post_type=product&#038;p=99"},"modified":"2022-12-08T09:36:47","modified_gmt":"2022-12-08T09:36:47","slug":"vase-lollipop","status":"publish","type":"product","link":"https:\/\/terresdiroise.fr\/?product=vase-lollipop","title":{"rendered":"Vase &#8220;Lollipop&#8221;"},"content":{"rendered":"<p>Vase en terre ocre<\/p>\n<p>D\u00e9cor d\u00e9grad\u00e9 de vert et rose<\/p>\n<p>Poids: 1kg<\/p>\n<p>Diam\u00e8tre: 8,5cm<\/p>\n<p>Hauteur: 15cm<\/p>\n","protected":false},"excerpt":{"rendered":"<p>Vase en terre ocre D\u00e9cor d\u00e9grad\u00e9 de vert et rose Poids: 1kg Diam\u00e8tre: 8,5cm Hauteur: 15cm<\/p>\n","protected":false},"featured_media":100,"template":"","meta":[],"product_cat":[18],"product_tag":[],"class_list":{"0":"post-99","1":"product","2":"type-product","3":"status-publish","4":"has-post-thumbnail","6":"product_cat-vase","8":"first","9":"instock","10":"shipping-taxable","11":"purchasable","12":"product-type-simple"},"_links":{"self":[{"href":"https:\/\/terresdiroise.fr\/index.php?rest_route=\/wp\/v2\/product\/99","targetHints":{"allow":["GET"]}}],"collection":[{"href":"https:\/\/terresdiroise.fr\/index.php?rest_route=\/wp\/v2\/product"}],"about":[{"href":"https:\/\/terresdiroise.fr\/index.php?rest_route=\/wp\/v2\/types\/product"}],"wp:featuredmedia":[{"embeddable":true,"href":"https:\/\/terresdiroise.fr\/index.php?rest_route=\/wp\/v2\/media\/100"}],"wp:attachment":[{"href":"https:\/\/terresdiroise.fr\/index.php?rest_route=%2Fwp%2Fv2%2Fmedia&parent=99"}],"wp:term":[{"taxonomy":"product_cat","embeddable":true,"href":"https:\/\/terresdiroise.fr\/index.php?rest_route=%2Fwp%2Fv2%2Fproduct_cat&post=99"},{"taxonomy":"product_tag","embeddable":true,"href":"https:\/\/terresdiroise.fr\/index.php?rest_route=%2Fwp%2Fv2%2Fproduct_tag&post=99"}],"curies":[{"name":"wp","href":"https:\/\/api.w.org\/{rel}","templated":true}]}}